33. What is the units digit of f?
1
Let c be (5/3 - 0)*3. Let w be 1*5/(c/16). Suppose -o + 3*o = w. What is the units digit of o?
8
Suppose -4*w - 2*x + 240 = -222, 4*x - 585 = -5*w. What is the units digit of w?
3
Suppose 0 = -3*d - 2*r + 11 + 52, 4*d = -4*r + 84. What is the units digit of d?
1
Suppose 5*l + b - 1017 = -3*b, 0 = l + b - 204. What is the tens digit of l?
0
Let y = -7 - -10. Suppose 2*f = -0*o - 3*o + 26, -y*f + 3*o + 24 = 0. What is the tens digit of f?
1
Let q be 3/(-3) - 6/(-1). Suppose o + 127 = q*u - 33, -u + 5*o = -56. What is the tens digit of u?
3
Let u(y) = y**2 - 6*y + 7. Suppose -d = -5*d - 8. Let l be (1*d)/(3/(-9)). What is the units digit of u(l)?
7
Let j(i) = -15*i + 2. What is the units digit of j(-3)?
7
Let m(b) = 140*b**2 + 3*b - 1. What is the tens digit of m(1)?
4
Let r(c) = 7*c**2 + 1. Let p be r(-3). Let v be (-3)/(4/(p/(-6))). Let k = v - 4. What is the units digit of k?
4
Suppose 16 - 1 = 5*g. Suppose 2*v - 60 = -g*v. Let y = 0 + v. What is the units digit of y?
2
Suppose 5*g - 4*z + 0*z - 16 = 0, 0 = -3*g - z - 4. Let o = 2 - g. What is the units digit of o?
2
Suppose -5*y - 5*x + 400 = 0, 3*x = -4*y + 304 + 12. What is the units digit of y?
6
Let y(h) = -h**2 - 3*h - 2. Suppose -5*i = -2*w - 3*i - 8, -2*w = i + 5. Let n be y(w). What is the units digit of (7 + -3)/(n/(-3))?
6
Let m(v) = v + 7. Let y be m(-5). Suppose 10 = 4*g - y. What is the units digit of g?
3
Suppose -5*q = -0 - 5. What is the tens digit of (0 + -1)/(q/(-25))?
2
Let v(a) = 18*a - 2. What is the units digit of v(2)?
4
Suppose -15 = j + 4*j + 5*u, 5*j + 4*u = -16. Let t = j + 26. What is the tens digit of t?
2
Suppose s - 23 = 52. Suppose -4*m + 9*m = s. What is the tens digit of m?
1
Let z(x) = 4*x + 9. What is the tens digit of z(5)?
2
Let i = 16 - 9. What is the units digit of (-7)/((-147)/18)*i?
6
Let m(w) = w**2 - 1. Suppose -3*s = 4*d + 6, -d + 4 = -4*s - 5*d. Suppose -9 = 4*c + j, -s = 3*j - 11. What is the units digit of m(c)?
8
Suppose 2*f + 6 = -f. Let v be 3 + f + (1 - -13). What is the units digit of (-6)/v + 37/5?
7
Let f = 27 - -17. What is the tens digit of f?
4
Let z = -7 - -39. What is the tens digit of z?
3
Let m be 215/45 - (-2)/9. Suppose 0 = -2*l + 7 + 7. Suppose x - m*g = -9, x - 4*g = -l*g + 7. What is the units digit of x?
1
Let o = 11 + 7. What is the tens digit of 1*(1*o - 2)?
1
Let j(m) be the third derivative of m**5/60 + m**4/24 + m**3/3 + 2*m**2. Let l be (1 + -1)/(2/(-2)). What is the units digit of j(l)?
2
Let i(r) = r**3 + r**2 + 3*r - 1. Let g be 12/(-8)*4/(-3). What is the tens digit of i(g)?
1
Suppose -28 = j - 5*j. Let w = j + -4. What is the units digit of w?
3
Let r = -6 + 8. Let x be (-2 - -5) + r + -3. Suppose 2*d + x - 4 = 0. What is the units digit of d?
1
Suppose 1431 + 165 = -4*i. What is the units digit of i/(-27) - (-4)/18?
5
Let m(b) = -7*b**2 - 4*b + 10. Let r(n) = -6*n**2 - 4*n + 9. Let l(v) = 5*m(v) - 6*r(v). What is the units digit of l(-5)?
1
Suppose -2*i + 4*i = 8. Let w(a) = -a**3 + 4*a**2 + 2*a - 5. What is the units digit of w(i)?
3
Let m be (3 - 2)*1*2. Suppose j = -m*j. Suppose -3*x + x + 26 = j. What is the units digit of x?
3
Let k = 238 - 68. What is the units digit of k?
0
Let u(i) = 2*i**3 + 6*i**2 - 5*i + 5. Let g(p) = 3*p**3 + 6*p**2 - 5*p + 6. Let o(l) = -3*g(l) + 4*u(l). What is the units digit of o(4)?
4
Let l(v) = 7 - 8 + 2*v - 3*v + v**2. Let s be l(2). What is the tens digit of 22/(s/((-1)/(-2)))?
1
Let o be 1 + 2 - 0/(-2). Suppose o*q - 42 = 63. Suppose 2*l - q = -l + 4*w, 0 = 4*l + w - 34. What is the units digit of l?
9
Suppose -2*d - 4*d + 210 = 0. What is the units digit of d?
5
Let x be 1*2 - (-6)/(-3). Suppose 0 = 5*z + v - 15, 4*v - 33 + 9 = -2*z. Suppose x = 2*h - 14 - z. What is the units digit of h?
8
Suppose -160 = -o + y, 6*y = -2*o + 4*y + 304. What is the units digit of o?
6
What is the tens digit of -3 - -6 - -84 - -3?
9
Let d be (1/(-3))/(2/(-12)). Suppose 3*l + 6 = 5*l. Suppose d*b - 10 = 0, -l*w + 13 = w - 3*b. What is the units digit of w?
7
Let b = -2 + 5. Let s = 0 + b. Suppose 5*f - 40 = -s*r + r, -3*r + 3 = -2*f. What is the units digit of f?
6
Suppose -6*g - 30 = -5*g. Let k = g - -68. What is the units digit of k?
8
Let m(c) = 37*c**2 + 9*c - 13. What is the units digit of m(2)?
3
Let y(m) = m**3 - 8*m**2 - 9*m + 9. Suppose -8*v + 36 = -4*v. What is the units digit of y(v)?
9
Suppose -5 = -3*i + 7, k + 4*i = 19. What is the units digit of k?
3
Let q be (5/2)/((-4)/(-8)). Suppose -4*t + k + 73 = 0, -1 = q*t - k - 91. What is the tens digit of t?
1
Suppose 0 = 3*y + l - 31 - 1, -4*y - l = -41. What is the units digit of y?
9
Suppose 214 = 3*m + 5*r, -1 + 9 = -2*r. What is the units digit of m?
8
Let c(h) = h. Let m be c(4). Let l(q) = 4 - q + 5 + m. What is the units digit of l(7)?
6
Suppose 2*t - 6 = -t. What is the units digit of 8 + (-2)/(4/t)?
7
Let d = -3 - -5. Suppose 3*k + 41 + 4 = 5*w, k = -d*w + 7. What is the units digit of (-1 + (-9)/(-6))*w?
3
Suppose 16 + 5 = i + 2*r, 5*i = -5*r + 95. What is the tens digit of i/(3/(-12)*-2)?
3
Let v = -8 - -10. What is the units digit of v?
2
Suppose -6 = -m - 2*m. Suppose 3*q - 7 = -2*j, 0 = -5*q - 7*j + 3*j + 9. Suppose -45 = -q*u + m*u. What is the tens digit of u?
1
Suppose 3*m - 3 = 0, -2*m + 6*m = -n + 209. What is the hundreds digit of n?
2
Let b be (7 + -8)/((-2)/10). Suppose 0 = -b*g + 163 + 72. What is the units digit of g?
7
Let n = 8 + -6. Let d = n + -4. What is the units digit of (7/d)/(4/(-8))?
7
Suppose -2*s + 17 + 103 = 5*t, 0 = -3*t - s + 73. What is the units digit of t?
6
Let v(a) be the third derivative of -a**6/24 + a**5/60 - a**3/6 + 7*a**2. Suppose 5*r + 25 = 0, 2*m - 14 = 3*r - 1. What is the units digit of v(m)?
5
Let k be 3/(-15) + (-62)/(-10). Suppose 4*s = 5*o + 100, -4*o + 2*s - 80 = s. What is the units digit of (-9)/k*o/6?
5
Suppose 15 + 0 = 3*q. What is the units digit of q?
5
Let y = -6 + 9. Suppose 2*v - 5 = -y*v. Let h = 13 - v. What is the units digit of h?
2
What is the units digit of -2 + (4 - -2*39)?
0
Let w(d) = 3 + 3 + 5*d**2 + 8*d - d**3 + 1 - 6. Let x be w(6). What is the units digit of (-4)/(-26) - (-24)/x?
2
Suppose 4*n - 3*n = 38. What is the units digit of n?
8
Let x(z) = z**2 - 5*z - 17. What is the tens digit of x(10)?
3
Suppose -3*j - 4*z + 44 = 0, z - 76 = -5*j + 20. What is the tens digit of j?
2
Let b = 123 + 26. What is the tens digit of b?
4
Suppose 5*r + 0*r + 220 = 0. Let o be (-2)/(-11) + (-212)/r. What is the units digit of (o/3 - 2)*-9?
3
Let o be ((-6)/(-9))/((-4)/(-18)). Suppose -2*s - o*s + 110 = 0. What is the units digit of s?
2
Suppose 0 = 4*f - 16, -k + 10 - 4 = -4*f. Let l(h) = h**2 + 7*h - 3. Let j be l(-6). Let n = k + j. What is the units digit of n?
3
Let q be ((-3)/3)/(2/(-18)). Suppose 9*m = 4*m + 15. Let s = q - m. What is the units digit of s?
6
Let b(w) = 3 + 9*w + w**3 + 7*w - 9*w**2 - 7*w. What is the units digit of b(8)?
1
Let s(d) = d**2 - 2*d + 2. What is the units digit of s(1)?
1
Suppose 111 = 4*k + 27. Suppose -5*n = -4*q - 81, 2*n = -5*q + 18 + k. What is the tens digit of n?
1
Let i = 32 + 408. What is the units digit of i?
0
Let q = 12 + -7. Suppose q*z - 6 = 9. Suppose j - 4 = -z*j. What is the units digit of j?
1
Suppose -119 = -3*w + 7. What is the units digit of w?
2
Let i = -361 - -591. What is the hundreds digit of i?
2
Let l = 43 + 70. What is the hundreds digit of l?
1
Suppose 46 = 5*u + 4*f, u - f + 2 = 4. Let c(z) = z + 2. What is the units digit of c(u)?
8
Let s(x) = 2*x - 3. Let i be s(3). Let h(j) = j - j + 3*j + 1. What is the units digit of h(i)?
0
Let u(m) be the third derivative of -m**6/120 + m**5/5 + 11*m**3/6 - 4*m**2. What is the tens digit of u(12)?
1
Suppose -95 = -2*j + 5*f, 2*j + 5*f - 53 = -8. What is the units digit of j?
5
What is the tens digit of 217/6 + (-1)/6?
3
Let q(i) = -i**3 - i**2 - i. What is the tens digit of q(-4)?
5
Let t(q) = 4*q + 12. What is the tens digit of t(6)?
3
Suppose 30 = -2*m + 102. Suppose -m = -3*p - 9. What is the units digit of p?
9
Suppose -6*j - 4*j + 80 = 0. What is the units digit of j?
8
Suppose 2*j - 3*m - 2*m - 282 = 0, -3*j + 4*m + 423 = 0. What is the units digit of j?
1
Let p(c) = c**3 - 8*c**2 + 4*c - 11. Let g be p(8). Suppose 2*i 